it of 621?
2
What is the tens digit of 722?
2
What is the thousands digit of 6128?
6
What is the hundreds digit of 287?
2
What is the tens digit of 44415?
1
What is the units digit of 1584?
4
What is the hundreds digit of 656?
6
What is the tens digit of 22646?
4
What is the thousands digit of 40268?
0
What is the hundreds digit of 6443?
4
What is the thousands digit of 9536?
9
What is the hundreds digit of 9428?
4
What is the tens digit of 892?
9
What is the thousands digit of 1295?
1
What is the hundreds digit of 17909?
9
What is the thousands digit of 15974?
5
What is the ten thousands digit of 14759?
1
What is the tens digit of 46939?
3
What is the thousands digit of 2702?
2
What is the ten thousands digit of 10133?
1
What is the ten thousands digit of 40440?
4
What is the tens digit of 972?
7
What is the thousands digit of 18164?
8
What is the units digit of 241?
1
What is the tens digit of 3307?
0
What is the tens digit of 2914?
1
What is the hundreds digit of 1085?
0
What is the ten thousands digit of 16594?
1
What is the hundreds digit of 52269?
2
What is the tens digit of 11223?
2
What is the units digit of 24643?
3
What is the hundreds digit of 6819?
8
What is the thousands digit of 2063?
2
What is the units digit of 8722?
2
What is the ten thousands digit of 26864?
2
What is the hundreds digit of 1569?
5
What is the ten thousands digit of 91538?
9
What is the hundreds digit of 9208?
2
What is the units digit of 168426?
6
What is the tens digit of 4815?
1
What is the thousands digit of 1773?
1
What is the hundreds digit of 89817?
8
What is the tens digit of 74?
7
What is the thousands digit of 1245?
1
What is the units digit of 28633?
3
What is the tens digit of 441?
4
What is the units digit of 17207?
7
What is the tens digit of 3444?
4
What is the units digit of 1804?
4
What is the tens digit of 1583?
8
What is the ten thousands digit of 80395?
8
What is the units digit of 9853?
3
What is the tens digit of 1312?
1
What is the units digit of 75?
5
What is the tens digit of 992?
9
What is the thousands digit of 5004?
5
What is the thousands digit of 38248?
8
What is the units digit of 778?
8
What is the thousands digit of 3227?
3
What is the tens digit of 11153?
5
What is the hundreds digit of 843?
8
What is the units digit of 19153?
3
What is the units digit of 711?
1
What is the units digit of 3508?
8
What is the ten thousands digit of 144430?
4
What is the hundreds digit of 1209?
2
What is the tens digit of 369?
6
What is the thousands digit of 1650?
1
What is the hundreds digit of 38874?
8
What is the tens digit of 262?
6
What is the tens digit of 6144?
4
What is the tens digit of 4159?
5
What is the units digit of 11850?
0
What is the thousands digit of 12288?
2
What is the hundreds digit of 702?
7
What is the units digit of 1974?
4
What is the units digit of 1105?
5
What is the thousands digit of 4349?
4
What is the ten thousands digit of 15298?
1
What is the tens digit of 1064?
6
What is the ten thousands digit of 40084?
4
What is the units digit of 339?
9
What is the units digit of 785?
5
What is the hundreds digit of 31107?
1
What is the tens digit of 1069?
6
What is the tens digit of 49?
4
What is the units digit of 2664?
4
What is the thousands digit of 4745?
4
What is the hundreds digit of 8847?
8
What is the thousands digit of 2625?
2
What is the thousands digit of 1234?
1
What is the units digit of 122645?
5
What is the tens digit of 1271?
7
What is the tens digit of 3307?
0
What is the units digit of 73173?
3
What is the tens digit of 19167?
6
What is the tens digit of 11473?
7
What is the thousands digit of 36143?
6
What is the hundreds digit of 949?
9
What is the units digit of 203536?
6
What is the units digit of 1865?
5
What is the thousands digit of 2049?
2
What is the units digit of 4666?
6
What is the tens digit of 383?
8
What is the thousands digit of 47855?
7
What is the units digit of 59?
9
What is the hundreds digit of 4044?
0
What is the tens digit of 361?
6
What is the hundreds digit of 9570?
5
What is the hundreds digit of 25019?
0
What is the tens digit of 38472?
7
What is the hundreds digit of 35254?
2
What is the thousands digit of 170957?
0
What is the tens digit of 743?
4
What is the thousands digit of 8798?
8
What is the hundreds digit of 16959?
9
What is the hundreds digit of 3890?
8
What is the tens digit of 120?
2
What is the thousands digit of 1988?
1
What is the ten thousands digit of 15656?
1
What is the tens digit of 366?
6
What is the units digit of 19721?
1
What is the tens digit of 1275?
7
What is the hundred thousands digit of 119650?
1
What is the tens digit of 2047?
4
What is the units digit of 14142?
2
What is the tens digit of 16571?
7
What is the hundreds digit of 13068?
0
What is the tens digit of 878?
7
What is the tens digit of 43?
4
What is the hundreds digit of 4945?
9
What is the ten thousands digit of 18551?
1
What is the thousands digit of 9821?
9
What is the tens digit of 1881?
8
What is the hundreds digit of 48214?
2
What is the ten thousands digit of 38704?
3
What is the tens digit of 499?
9
What is the units digit of 40409?
9
What is the hundreds digit of 11996?
9
What is the thousands digit of 7619?
7
What is the hundreds digit of 247?
2
What is the thousands digit of 22986?
2
What is the hundreds digit of 22000?
0
What is the ten thousands digit of 16074?
1
What is the units digit of 26237?
7
What is the ten thousands digit of 18436?
1
What is the hundreds digit of 90603?
6
What is the thousands digit of 6098?
6
What is the units digit of 39598?
8
What is the ten thousands digit of 26790?
2
What is the thousands digit of 3839?
3
What is the tens digit of 22560?
6
What is the tens digit of 10578?
7
What is the hundreds digit of 64882?
8
What is the hundreds digit of 866?
8
What is the ten thousands digit of 23224?
2
What is the hundreds digit of 4067?
0
What is the hundreds digit of 135691?
6
What is the tens digit of 29300?
0
What is the thousands digit of 17918?
7
What is the tens digit of 7556?
5
What is the thousands digit of 3870?
3
What is the hundreds digit of 41714?
7
What is the hundreds digit of 8945?
9
What is the tens digit of 49?
4
What is the hundreds digit of 1284?
2
What is the tens digit of 9363?
6
What is the thousands digit of 42539?
2
What is the tens digit of 34608?
0
What is the hundreds digit of 36806?
8
What is the tens digit of 2086?
8
What is the units digit of 11244?
4
What is the hundreds digit of 4720?
7
What is the hundreds digit of 26151?
1
What is the thousands digit of 7248?
7
What is the units digit of 1122?
2
What is the thousands digit of 18364?
8
What is the tens digit of 2684?
8
What is the units digit of 2174?
4
What is the tens digit of 13760?
6
What is the units digit of 32295?
5
What is the thousands digit of 74828?
4
What is the units digit of 18414?
4
What is the hundreds digit of 5545?
5
What is the thousands digit of 3772?
3
What is the tens digit of 4024?
2
What is the thousands digit of 25878?
5
What is the tens digit of 39177?
7
What is the thousands digit of 12435?
2
What is the thousands digit of 6189?
6
What is the tens digit of 28703?
0
What is the hundreds digit of 9228?
2
What is the tens digit of 6018?
1
What is the units digit of 1543?
3
What is the units digit of 3983?
3
What is the units digit of 360?
0
What is the thousands digit of 2735?
2
What is the thousands digit of 21099?
1
What is the thousands digit of 6698?
6
What is the units digit of 2600?
0
What is the tens digit of 2229?
2
What is the thousands digit of 6371?
6
What is the thousands digit of 13622?
3
What is the ten thousands digit of 102708?
0
What is the thousands digit of 104369?
4
What is the tens digit of 2184?
8
What is the hundreds digit of 40634?
6
What is the hundreds digit of 1515?
5
What is the ten thousands digit of 18212?
1
What is the ten thousands digit of 12135?
1
What is the thousands digit of 84011?
4
What is the units digit of 3571?
1
What is the thousands digit of 169627?
9
What is the thousands digit of 5561?
5
What is the units digit of 5349?
9
What is the hundreds digit of 66229?
2
What is the tens digit of 127942?
4
What is the hundreds digit of 70148?
1
What is the units digit of 8824?
4
What is the tens digit of 744?
4